 t(d) = -d + 184 - 7*d - 182. Calculate t(-2).
18
Let f(u) = u**2 + 9*u + 18. Let t be f(-4). Let i(x) = x**2 - 7*x - 1. Let n(v) = v. Let s(c) = i(c) + 5*n(c). Calculate s(t).
7
Let n(z) = z**2 + 5*z - 4. Suppose -y - 10 = -0. Let m = -13 - y. Determine n(m).
-10
Let z(u) = 10*u - 2. Let y be z(2). Let a = -16 + y. Let v(p) = p**a + 0 + 1 + 5*p + 0*p - 2. Calculate v(-4).
-5
Let d be -2 + 12/4 + 0. Let f be 9 + -8 - (-7 + d). Let c(u) = -u**2 + 9*u - 10. Give c(f).
4
Let c(d) be the third derivative of -5*d**2 + 0*d + 0 + 1/24*d**4 + 1/6*d**3. Give c(-6).
-5
Let o(z) = -3*z**2 - 12*z - 13. Let i(t) = -8*t**2 - 25*t - 24. Let b(w) = -2*i(w) + 5*o(w). What is b(12)?
7
Let j = -13 + 15. Suppose 5*x - 2*g = -2, 0 = -2*x - 2*x - 3*g + 3. Suppose x = -3*n - 3*v + 9, -j = -v + 1. Let t(q) = -q**2 - q - 12. Determine t(n).
-12
Let f(o) = o**2 + 2*o + 1. Let b(d) = -d**3 + 8*d**2 - 6*d - 5. Let v be b(6). Let l = -6 + v. Let h = l - 27. Give f(h).
1
Suppose 3*j + 3*p = -9, 6 = -5*j - 3*p - 7. Let s(t) = t + 5. What is s(j)?
3
Let l(h) = -h. Let g(d) = 2*d. Let f(i) = 6*g(i) + 13*l(i). Let z(a) = -3*a - 3 - 7 + 2*a. Let m be z(-4). Give f(m).
6
Let v(s) = 2*s - 2. Let d = -287 - -284. What is v(d)?
-8
Suppose -10*g - 9 - 11 = 0. Let t(j) = 2*j - 4. Determine t(g).
-8
Let p(c) = -20*c**3 + c**2 - 33*c - 13. Let x(a) = -7*a**3 - 11*a - 5. Let n(d) = -6*p(d) + 17*x(d). Give n(4).
5
Let w(q) = q**3 - 30*q**2 + 26*q + 95. Let g be w(29). Let f(u) = -u. Calculate f(g).
-8
Suppose 38 = -11*j - 72. Let t(u) = -u**3 - 11*u**2 - 12*u - 17. Determine t(j).
3
Suppose -1 = 4*d + 19. Let w(m) be the first derivative of m**4/4 + 2*m**3 + 3*m**2 - 6*m + 159. Give w(d).
-11
Let t(o) = -o**3 + 5*o**2 + 4*o + 10. Let p(v) = v + 1. Let s(x) = -6*p(x) + t(x). Suppose 5*u - 33 = -4*g, 15 = 2*u + 3*g - 1. Give s(u).
-6
Suppose -5*b + 5*k = 15, 0 = -6*k + 2*k. Let j(t) = 3*t**2 - 2*t + 3 + 5*t - t**2. Calculate j(b).
12
Suppose 4*i = -3*p + 8, 0 = p - 2*i + 20 - 6. Let w(h) = -2*h**2 - 2*h - 6. Calculate w(p).
-30
Let n = 2 + 0. Let m(k) = n*k**2 - k**2 - 6*k - 2*k**2 + k. Let f(j) = 3*j**2 - 45*j - 106. Let b be f(17). Determine m(b).
4
Let n(o) = -o - 8. Let b(c) = c - 2. Let m(r) = r - 3. Let l(x) = -7*b(x) + 6*m(x). Let q be l(-4). Suppose -3*g - 24 + 9 = q. Determine n(g).
-3
Let q be 3*2 - (0 - -2). Suppose 0*u = -u - q. Let p be (-4 + (-1 - u))/1. Let c(x) = -2*x + 1. Determine c(p).
3
Let y(t) = 16 - 2*t - 4 - t**2 - 16*t - t**2. Give y(-10).
-8
Let c(z) = 12*z - 1. Let r(f) = 3*f. Let v(o) = c(o) - 3*r(o). Let g = 2 + 3. Give v(g).
14
Let o(m) = -m**3 + 24*m**2 - 44*m + 1. Let t be o(22). Let b(s) = 8*s**3 + 9 - 8 + 2*s**3. Calculate b(t).
11
Let u = 37 - 33. Suppose u = z + 5. Let y(x) = 3*x**2 + x. Determine y(z).
2
Suppose 0 = 3*v - 2*v. Suppose 0*h + 2*h + 2 = v. Let t(y) = -1 - 47*y + 88*y - 43*y - 10*y**2. What is t(h)?
-9
Let p(b) = 0*b**3 - 40*b - b**3 + 126*b + 10*b**2 - 46*b - 22 - 45*b. Determine p(9).
14
Let j(n) = 15 + 4*n - 35 + 14 + 10 + 11. Determine j(7).
43
Let k be (-75)/(-27) + 4/18. Let g(x) = 26*x + x**k + 2*x**3 - 4*x**3 - 27*x - 3*x**2. Give g(-4).
20
Let n(q) be the second derivative of 7/120*q**5 + 0*q**2 + 2/3*q**3 - 4*q - 1/4*q**4 - 1/360*q**6 + 0. Let k(h) be the second derivative of n(h). Give k(4).
6
Let j(r) = -r - 4. Suppose -9 = q - 15. Let k be (15/6 - -2)*(-4)/q. Determine j(k).
-1
Let a(m) = -2*m**2 - 99 + 3*m**2 - 9*m + 49 + 57. Calculate a(7).
-7
Suppose 2*b + 31 = 11. Let o = 5 + b. Let g(j) = -j**2 - 7*j - 4. Determine g(o).
6
Let x(n) = 4*n**3 + 7*n**2 - 3*n + 6. Let f(v) = -v**3 - v. Let r(b) = -5*f(b) - x(b). Let l be -12*(2*(-15)/12 - -2)*1. Calculate r(l).
6
Suppose -12*k - 10 = -58. Let t(r) = r**3 - 5*r**2 + 2*r + 7. Calculate t(k).
-1
Let p be (-6)/(-10)*(-10 - -10 - 5). Let a(h) = 6*h**2 - 11*h - 6. Let b(i) = 5*i**2 - 10*i - 5. Let d(z) = 6*a(z) - 7*b(z). Give d(p).
-4
Let n(z) = 5*z**2 + z - 1. Let s = 137 + -132. Suppose -s*k = 5 - 10. Calculate n(k).
5
Let f(o) = o**3 + o**2 - o + 6. Let c be 2/(-5) + 5658/(-30). Let q be c/35 + (-6)/10. Let p be (-4)/q - (-10)/(-15). Determine f(p).
6
Suppose -4*g + 13 = 5*i - 2*g, 3*g - 15 = -3*i. Let w(z) = 18*z. Calculate w(i).
18
Let p(d) = 4*d**3 - 13*d**2 - 16 + 5*d**3 - 14*d - 10*d**3. Let s be p(-12). Let u(t) = -s*t + 2*t + t**2 - 51 - t + 49. What is u(6)?
-8
Let m(v) be the first derivative of -v**4/4 - v**2/2 + 15*v + 96. Suppose 4 = 2*s - 2*h, -5*h - 6 = s + 4. Calculate m(s).
15
Let l(h) = -153 - 4*h**2 - 7*h**2 - 2*h + 141 + 12*h**2 - h**3. Determine l(0).
-12
Let l(n) be the first derivative of -3*n**2/2 - 14*n - 109. Calculate l(-8).
10
Let k(p) = -7*p**2 - 10*p + 12. Let u(t) = 15*t**2 + 22*t - 26. Let j(i) = 13*k(i) + 6*u(i). Give j(-2).
-8
Let p(r) be the second derivative of r**7/2520 - r**6/240 + r**5/30 + 19*r**4/12 - 14*r. Let d(i) be the third derivative of p(i). Calculate d(3).
4
Let y(i) = -i**3 + 9*i**2 - 5*i - 12. Let v(b) = 2*b**2 + 20*b + 51. Let a be v(-3). What is y(a)?
-57
Suppose -5*p = 3*x - 40, -4*x - 3 = -23. Let k(f) = 0*f + f**3 + 5 - 6*f**2 + 6*f - f. Calculate k(p).
5
Suppose 2*r - 2 = 4*r. Let i(l) = 136*l + 141*l - 264*l. Calculate i(r).
-13
Let y(x) = -x**3 + 8*x**2 - 13*x + 9. Let c be y(6). Let a(n) = 2*n - 5 - 8*n**c - 4*n**2 + 1 + 7*n**3. Give a(-4).
-12
Let d(v) = v**3 - 7*v**2 + 3*v - 10. Suppose 0*q + 9*q - 63 = 0. Suppose g + 0 - q = 0. Calculate d(g).
11
Let u(t) = 3*t - 1. Let g be u(1). Let c be 0/g + 0 + 6. Let o(l) = 2*l. Let k(n) = n + 1. Let f(r) = -3*k(r) + 2*o(r). Calculate f(c).
3
Let n = 5 - 3. Suppose -5*x - 4*v - 4 = 0, 3*x = x + 2*v + n. Let p(k) = -6*k + 4. Let s(q) = 7*q - 4. Let t(u) = 6*p(u) + 5*s(u). Calculate t(x).
4
Let k = 0 + 7. Let b(c) be the third derivative of -1/60*c**5 + 0 + 0*c - 10*c**2 + 7/24*c**4 - 3/2*c**3. Calculate b(k).
-9
Let v = -286 + 297. Let h(f) = f**3 - 10*f**2 - 11*f + 6. What is h(v)?
6
Let w(c) be the third derivative of c**6/120 - c**5/15 - c**3/6 + 291*c**2. Determine w(5).
24
Let v be (-3)/6 + 15/6. Let j(u) = v - 4*u + 2*u - 3. Suppose 0 = 5*w - 4 + 24. Determine j(w).
7
Let g(c) = -2*c - 2. Let m be g(-2). Let d(l) = -1 + 6 - 6*l + 1. Let x(h) = h - 1. Let j(o) = -6*d(o) - 34*x(o). What is j(m)?
2
Suppose 2*s = -4*h - 7 - 7, 0 = -s + 2*h - 3. Let x(r) = -5*r**3 + 1399 - 8*r - 7*r**2 + 4*r**3 - 1402. Calculate x(s).
-13
Let u(z) be the third derivative of z**5/60 + 7*z**4/12 + 3*z**3/2 + 2*z**2 + 11*z. Determine u(-6).
-39
Let p = 2462 + -2457. Let o(m) = -2*m**2 + 5*m. Calculate o(p).
-25
Let k(u) = 24 - u**2 - 5*u - 14 - 13 + u**2 + u**3 - 5*u**2. Calculate k(6).
3
Let t(w) = -w**3 - 4*w**2 + 4. Let r = 7 - 4. Let s(b) = -2*b**2 + 2*b**3 - r*b + 4 - 1 - 2*b**2. Let u be s(2). Determine t(u).
-5
Let k(l) be the third derivative of -l**6/60 + l**3/6 + 71*l**2 - 20. Let g = 0 - 1. Determine k(g).
3
Let f be -6 - (4 + (5 - 11)). Let r(t) = t**3 + 5*t**2 + t - 3. Determine r(f).
9
Let c(o) be the third derivative of o**7/840 + o**6/360 - o**4/12 - 10*o**3 + 5*o**2 - 1. Let t(z) be the first derivative of c(z). What is t(-2)?
-6
Suppose -8*j + 10*j = 214. Suppose 111*u = j*u + 28. Let c(y) = -2*y + 9. Determine c(u).
-5
Let c(i) = -i**2 + 149*i + 6*i**2 - 146*i - 2 + i**3 + 1. Give c(-3).
8
Let w(n) = 11*n - n + 47271 - n**2 - 47278. What is w(10)?
-7
Let h(i) = -i**3 + 23*i**2 + i - 23. Suppose 14*a = 16*a - 2, -a - 114 = -5*r. Calculate h(r).
0
Let n(c) be the second derivative of -c**4/4 - c + 36. Let a = 7 - 5. Give n(a).
-12
Let j(q) = q + 4. Let r be j(-4). Let w(g) = r - 10*g - 5 + 6. Suppose 0*x = -4*x + 4. Calculate w(x).
-9
Let s = 52 - 45. Suppose s = -9*x - 65. Let u(n) be the second derivative of n**3/6 + 9*n**2/2 + n. Give u(x).
1
Let c(s) = 2*s - 9. Let w = -185 - -191. Give c(w).
3
Let o(h) = h**3 + 4*h**2 - 2*h - 4. Let r(y) = -y - 7. Let u be r(-6). Let l(n) = 4*n**3 - n**2 - 2*n - 1. Let p be l(u). Calculate o(p).
4
Let c(o) = -125*o + 3 - 122*o - 127*o + 372*o. Let n be -2 - (2 - (1 - 0)). Give c(n).
9
Suppose 0 = 8*y - 227 - 141. Let n = y - 52. Let j(w) = -w**2 - 7*w - 9. What is j(n)?
-3
Suppose -z + 4*a + 3 + 1 = 0, -10 = 5*a. Let v(k) be the second derivative of k**5/20 + k**4/6 - 5*k**3/6 - 2*k - 1. Give v(z).
-12
Let u(d) = d**2 + 67*d + 367. Let g b